at is the hundreds digit of 6269?
2
What is the units digit of 2014?
4
What is the thousands digit of 7039?
7
What is the hundreds digit of 21599?
5
What is the units digit of 56789?
9
What is the hundreds digit of 358?
3
What is the tens digit of 852?
5
What is the tens digit of 12013?
1
What is the tens digit of 6292?
9
What is the units digit of 142315?
5
What is the thousands digit of 2349?
2
What is the thousands digit of 23274?
3
What is the tens digit of 326?
2
What is the ten thousands digit of 87912?
8
What is the units digit of 53464?
4
What is the units digit of 804?
4
What is the thousands digit of 4013?
4
What is the ten thousands digit of 19044?
1
What is the tens digit of 895?
9
What is the hundreds digit of 3886?
8
What is the units digit of 2839?
9
What is the tens digit of 49208?
0
What is the hundreds digit of 31530?
5
What is the tens digit of 976?
7
What is the hundreds digit of 708?
7
What is the units digit of 7532?
2
What is the hundreds digit of 175?
1
What is the hundreds digit of 90153?
1
What is the thousands digit of 5914?
5
What is the hundreds digit of 1582?
5
What is the units digit of 17?
7
What is the tens digit of 830?
3
What is the units digit of 17147?
7
What is the tens digit of 922?
2
What is the units digit of 76840?
0
What is the hundreds digit of 12289?
2
What is the units digit of 3385?
5
What is the hundreds digit of 10676?
6
What is the hundreds digit of 4236?
2
What is the tens digit of 3137?
3
What is the tens digit of 793?
9
What is the tens digit of 693?
9
What is the units digit of 3108?
8
What is the thousands digit of 3323?
3
What is the ten thousands digit of 119144?
1
What is the hundreds digit of 318?
3
What is the tens digit of 402?
0
What is the tens digit of 343?
4
What is the units digit of 698?
8
What is the hundreds digit of 363?
3
What is the units digit of 836?
6
What is the hundreds digit of 42758?
7
What is the thousands digit of 11156?
1
What is the hundreds digit of 1288?
2
What is the tens digit of 2504?
0
What is the units digit of 1?
1
What is the tens digit of 733?
3
What is the units digit of 8627?
7
What is the tens digit of 61382?
8
What is the hundreds digit of 148301?
3
What is the ten thousands digit of 34215?
3
What is the hundreds digit of 30074?
0
What is the tens digit of 1451?
5
What is the thousands digit of 34831?
4
What is the hundreds digit of 5414?
4
What is the units digit of 2311?
1
What is the tens digit of 1631?
3
What is the units digit of 31220?
0
What is the hundreds digit of 502?
5
What is the units digit of 111906?
6
What is the units digit of 297?
7
What is the tens digit of 35364?
6
What is the tens digit of 3035?
3
What is the hundreds digit of 10753?
7
What is the ten thousands digit of 47821?
4
What is the units digit of 8494?
4
What is the tens digit of 295?
9
What is the units digit of 2701?
1
What is the hundreds digit of 4850?
8
What is the units digit of 315?
5
What is the thousands digit of 7453?
7
What is the units digit of 10558?
8
What is the tens digit of 315?
1
What is the units digit of 110770?
0
What is the units digit of 61039?
9
What is the units digit of 2103?
3
What is the tens digit of 8697?
9
What is the thousands digit of 161379?
1
What is the tens digit of 336?
3
What is the ten thousands digit of 36581?
3
What is the units digit of 1557?
7
What is the units digit of 1440?
0
What is the units digit of 29538?
8
What is the ten thousands digit of 37003?
3
What is the ten thousands digit of 51237?
5
What is the ten thousands digit of 61255?
6
What is the hundreds digit of 543?
5
What is the units digit of 8937?
7
What is the thousands digit of 10091?
0
What is the units digit of 9829?
9
What is the tens digit of 15671?
7
What is the units digit of 49?
9
What is the ten thousands digit of 80412?
8
What is the tens digit of 11269?
6
What is the thousands digit of 80509?
0
What is the tens digit of 2618?
1
What is the units digit of 1196?
6
What is the units digit of 3628?
8
What is the units digit of 3450?
0
What is the tens digit of 701?
0
What is the thousands digit of 1338?
1
What is the tens digit of 932?
3
What is the ten thousands digit of 67301?
6
What is the thousands digit of 1941?
1
What is the tens digit of 277?
7
What is the thousands digit of 36991?
6
What is the hundreds digit of 904?
9
What is the units digit of 1598?
8
What is the ten thousands digit of 53557?
5
What is the hundreds digit of 30099?
0
What is the units digit of 900?
0
What is the thousands digit of 5506?
5
What is the tens digit of 8316?
1
What is the hundreds digit of 155441?
4
What is the ten thousands digit of 19805?
1
What is the units digit of 14968?
8
What is the tens digit of 765?
6
What is the units digit of 39846?
6
What is the units digit of 58314?
4
What is the ten thousands digit of 26452?
2
What is the hundreds digit of 1193?
1
What is the units digit of 74247?
7
What is the hundreds digit of 25371?
3
What is the hundreds digit of 8616?
6
What is the hundreds digit of 256?
2
What is the thousands digit of 1004?
1
What is the thousands digit of 4210?
4
What is the tens digit of 745?
4
What is the tens digit of 1925?
2
What is the hundreds digit of 18538?
5
What is the hundreds digit of 120069?
0
What is the thousands digit of 14903?
4
What is the tens digit of 1299?
9
What is the units digit of 516?
6
What is the tens digit of 9689?
8
What is the tens digit of 2206?
0
What is the units digit of 5?
5
What is the ten thousands digit of 176941?
7
What is the hundreds digit of 485?
4
What is the tens digit of 1976?
7
What is the hundreds digit of 2963?
9
What is the hundreds digit of 13975?
9
What is the units digit of 6643?
3
What is the tens digit of 454?
5
What is the thousands digit of 7372?
7
What is the thousands digit of 8765?
8
What is the units digit of 65398?
8
What is the units digit of 70849?
9
What is the units digit of 8217?
7
What is the thousands digit of 2867?
2
What is the thousands digit of 11299?
1
What is the thousands digit of 83208?
3
What is the units digit of 9?
9
What is the tens digit of 976?
7
What is the ten thousands digit of 107350?
0
What is the thousands digit of 3059?
3
What is the units digit of 11287?
7
What is the hundreds digit of 14773?
7
What is the tens digit of 18099?
9
What is the thousands digit of 10391?
0
What is the tens digit of 77655?
5
What is the units digit of 2070?
0
What is the tens digit of 8116?
1
What is the hundreds digit of 648?
6
What is the hundreds digit of 575?
5
What is the tens digit of 2785?
8
What is the tens digit of 57301?
0
What is the units digit of 13530?
0
What is the tens digit of 12072?
7
What is the units digit of 59?
9
What is the thousands digit of 27235?
7
What is the units digit of 392?
2
What is the units digit of 2964?
4
What is the hundreds digit of 7586?
5
What is the units digit of 17945?
5
What is the tens digit of 509?
0
What is the hundreds digit of 785?
7
What is the hundreds digit of 64410?
4
What is the hundreds digit of 2779?
7
What is the tens digit of 427?
2
What is the units digit of 519?
9
What is the units digit of 28157?
7
What is the hundreds digit of 61601?
6
What is the tens digit of 347?
4
What is the thousands digit of 1217?
1
What is the tens digit of 4335?
3
What is the tens digit of 7938?
3
What is the units digit of 8020?
0
What is the hundreds digit of 34225?
2
What is the tens digit of 4430?
3
What is the tens digit of 25808?
0
What is the tens digit of 1033?
3
What is the units digit of 13777?
7
What is the tens digit of 751?
5
What is the hundreds digit of 8174?
1
What is the ten thousands digit of 22656?
2
What is the hundreds digit of 82287?
2
What is the hundreds digit of 770?
7
What is the tens digit of 2266?
6
What is the units digit of 4851?
1
What is the thousands digit of 71988?
1
What is the tens digit of 1003?
0
What is the tens digit of 2603?
0
What is the units digit of 38015?
5
What is the tens digit of 9374?
7
What is the units digit of 45365?
5
What is the units digit of 9994?
4
What is the hundreds digit of 580?
5
What is the hundreds digit of 472?
4
What is the units digit of 779?
9
What is the hundreds digit of 2987?
9
What is the units digit of 4112?
2
What is the units digit of 154?
4
What is the hundreds 